{"id":235068,"date":"2020-05-03T19:33:11","date_gmt":"2020-05-03T19:33:11","guid":{"rendered":"https:\/\/unmardearroces.com\/?post_type=product&#038;p=235068"},"modified":"2023-10-02T17:06:19","modified_gmt":"2023-10-02T17:06:19","slug":"cachopo-del-sella","status":"publish","type":"product","link":"https:\/\/unmardearroces.com\/_umacentro\/producto\/cachopo-del-sella","title":{"rendered":"Cachopo del Sella"},"content":{"rendered":"<p>Emb\u00e1rcate en un viaje culinario excepcional con nuestro Cachopo de Ternera Asturiana, una fusi\u00f3n de sabores que combina la ternura de la carne de ternera asturiana con la intensidad del queso azul y la dulzura de la manzana reineta. Este plato se sirve con patatas fritas crujientes y pimientos de Padr\u00f3n, creando una experiencia gastron\u00f3mica \u00fanica que te transportar\u00e1 a los sabores m\u00e1s aut\u00e9nticos de Asturias en cada bocado.<\/p>\n","protected":false},"excerpt":{"rendered":"<p>Emb\u00e1rcate en un viaje culinario excepcional con nuestro Cachopo de Ternera Asturiana, una fusi\u00f3n de sabores que combina la ternura de la carne de ternera asturiana con la intensidad del queso azul y la dulzura de la manzana reineta. Este plato se sirve con patatas fritas crujientes y pimientos de Padr\u00f3n, creando una experiencia gastron\u00f3mica \u00fanica que te transportar\u00e1 a los sabores m\u00e1s aut\u00e9nticos de Asturias en cada bocado.<\/p>\n","protected":false},"featured_media":242894,"comment_status":"open","ping_status":"closed","template":"","meta":{"_et_pb_use_builder":"","_et_pb_old_content":"","_et_gb_content_width":""},"product_cat":[100],"product_tag":[49,19,73],"acf":[],"yoast_head":"<!-- This site is optimized with the Yoast SEO plugin v21.2 - https:\/\/yoast.com\/wordpress\/plugins\/seo\/ -->\n<title>Cachopo del Sella Un Mar de Arroces<\/title>\n<meta name=\"description\" content=\"Emb\u00e1rcate en un viaje culinario excepcional con nuestro Cachopo de Ternera Asturiana, una fusi\u00f3n de sabores que combina la ternura de la carne de ternera asturiana con la intensidad del queso azul y la dulzura de la manzana reineta. Este plato se sirve con patatas fritas crujientes y pimientos de Padr\u00f3n, creando una experiencia gastron\u00f3mica \u00fanica que te transportar\u00e1 a los sabores m\u00e1s aut\u00e9nticos de Asturias en cada bocado.\" \/>\n<meta name=\"robots\" content=\"index, follow, max-snippet:-1, max-image-preview:large, max-video-preview:-1\" \/>\n<link rel=\"canonical\" href=\"https:\/\/unmardearroces.com\/_umacentro\/producto\/cachopo-del-sella\" \/>\n<meta property=\"og:locale\" content=\"es_ES\" \/>\n<meta property=\"og:type\" content=\"article\" \/>\n<meta property=\"og:title\" content=\"Cachopo del Sella Un Mar de Arroces\" \/>\n<meta property=\"og:description\" content=\"Emb\u00e1rcate en un viaje culinario excepcional con nuestro Cachopo de Ternera Asturiana, una fusi\u00f3n de sabores que combina la ternura de la carne de ternera asturiana con la intensidad del queso azul y la dulzura de la manzana reineta. Este plato se sirve con patatas fritas crujientes y pimientos de Padr\u00f3n, creando una experiencia gastron\u00f3mica \u00fanica que te transportar\u00e1 a los sabores m\u00e1s aut\u00e9nticos de Asturias en cada bocado.\" \/>\n<meta property=\"og:url\" content=\"https:\/\/unmardearroces.com\/_umacentro\/producto\/cachopo-del-sella\" \/>\n<meta property=\"og:site_name\" content=\"Un Mar de Arroces\" \/>\n<meta property=\"article:publisher\" content=\"https:\/\/www.facebook.com\/unmardearroces\" \/>\n<meta property=\"article:modified_time\" content=\"2023-10-02T17:06:19+00:00\" \/>\n<meta property=\"og:image\" content=\"https:\/\/unmardearroces.com\/_umacentro\/wp-content\/uploads\/2020\/03\/LOGO-UN-MAR-DE-ARROCES-ARROCERIA-A-DOMICILIO-1-1.png\" \/>\n\t<meta property=\"og:image:width\" content=\"512\" \/>\n\t<meta property=\"og:image:height\" content=\"512\" \/>\n\t<meta property=\"og:image:type\" content=\"image\/png\" \/>\n<meta name=\"twitter:card\" content=\"summary_large_image\" \/>\n<meta name=\"twitter:site\" content=\"@unmardearroces\" \/>\n<meta name=\"twitter:label1\" content=\"Tiempo de lectura\" \/>\n\t<meta name=\"twitter:data1\" content=\"1 minuto\" \/>\n<script type=\"application\/ld+json\" class=\"yoast-schema-graph\">{\"@context\":\"https:\/\/schema.org\",\"@graph\":[{\"@type\":\"WebPage\",\"@id\":\"https:\/\/unmardearroces.com\/_umacentro\/producto\/cachopo-del-sella\",\"url\":\"https:\/\/unmardearroces.com\/_umacentro\/producto\/cachopo-del-sella\",\"name\":\"Cachopo del Sella Un Mar de Arroces\",\"isPartOf\":{\"@id\":\"https:\/\/unmardearroces.com\/_umacentro\/#website\"},\"datePublished\":\"2020-05-03T19:33:11+00:00\",\"dateModified\":\"2023-10-02T17:06:19+00:00\",\"description\":\"Emb\u00e1rcate en un viaje culinario excepcional con nuestro Cachopo de Ternera Asturiana, una fusi\u00f3n de sabores que combina la ternura de la carne de ternera asturiana con la intensidad del queso azul y la dulzura de la manzana reineta. Este plato se sirve con patatas fritas crujientes y pimientos de Padr\u00f3n, creando una experiencia gastron\u00f3mica \u00fanica que te transportar\u00e1 a los sabores m\u00e1s aut\u00e9nticos de Asturias en cada bocado.\",\"breadcrumb\":{\"@id\":\"https:\/\/unmardearroces.com\/_umacentro\/producto\/cachopo-del-sella#breadcrumb\"},\"inLanguage\":\"es\",\"potentialAction\":[{\"@type\":\"ReadAction\",\"target\":[\"https:\/\/unmardearroces.com\/_umacentro\/producto\/cachopo-del-sella\"]}]},{\"@type\":\"BreadcrumbList\",\"@id\":\"https:\/\/unmardearroces.com\/_umacentro\/producto\/cachopo-del-sella#breadcrumb\",\"itemListElement\":[{\"@type\":\"ListItem\",\"position\":1,\"name\":\"Portada\",\"item\":\"https:\/\/unmardearroces.com\/_umacentro\/\"},{\"@type\":\"ListItem\",\"position\":2,\"name\":\"Productos\",\"item\":\"https:\/\/unmardearroces.com\/_umacentro\/shop\"},{\"@type\":\"ListItem\",\"position\":3,\"name\":\"Cachopo del Sella\"}]},{\"@type\":\"WebSite\",\"@id\":\"https:\/\/unmardearroces.com\/_umacentro\/#website\",\"url\":\"https:\/\/unmardearroces.com\/_umacentro\/\",\"name\":\"Un Mar de Arroces\",\"description\":\"Arroces y Paella premium a domicilio.\",\"potentialAction\":[{\"@type\":\"SearchAction\",\"target\":{\"@type\":\"EntryPoint\",\"urlTemplate\":\"https:\/\/unmardearroces.com\/_umacentro\/?s={search_term_string}\"},\"query-input\":\"required name=search_term_string\"}],\"inLanguage\":\"es\"}]}<\/script>\n<!-- \/ Yoast SEO plugin. -->","yoast_head_json":{"title":"Cachopo del Sella Un Mar de Arroces","description":"Emb\u00e1rcate en un viaje culinario excepcional con nuestro Cachopo de Ternera Asturiana, una fusi\u00f3n de sabores que combina la ternura de la carne de ternera asturiana con la intensidad del queso azul y la dulzura de la manzana reineta. Este plato se sirve con patatas fritas crujientes y pimientos de Padr\u00f3n, creando una experiencia gastron\u00f3mica \u00fanica que te transportar\u00e1 a los sabores m\u00e1s aut\u00e9nticos de Asturias en cada bocado.","robots":{"index":"index","follow":"follow","max-snippet":"max-snippet:-1","max-image-preview":"max-image-preview:large","max-video-preview":"max-video-preview:-1"},"canonical":"https:\/\/unmardearroces.com\/_umacentro\/producto\/cachopo-del-sella","og_locale":"es_ES","og_type":"article","og_title":"Cachopo del Sella Un Mar de Arroces","og_description":"Emb\u00e1rcate en un viaje culinario excepcional con nuestro Cachopo de Ternera Asturiana, una fusi\u00f3n de sabores que combina la ternura de la carne de ternera asturiana con la intensidad del queso azul y la dulzura de la manzana reineta. Este plato se sirve con patatas fritas crujientes y pimientos de Padr\u00f3n, creando una experiencia gastron\u00f3mica \u00fanica que te transportar\u00e1 a los sabores m\u00e1s aut\u00e9nticos de Asturias en cada bocado.","og_url":"https:\/\/unmardearroces.com\/_umacentro\/producto\/cachopo-del-sella","og_site_name":"Un Mar de Arroces","article_publisher":"https:\/\/www.facebook.com\/unmardearroces","article_modified_time":"2023-10-02T17:06:19+00:00","og_image":[{"width":512,"height":512,"url":"https:\/\/unmardearroces.com\/_umacentro\/wp-content\/uploads\/2020\/03\/LOGO-UN-MAR-DE-ARROCES-ARROCERIA-A-DOMICILIO-1-1.png","type":"image\/png"}],"twitter_card":"summary_large_image","twitter_site":"@unmardearroces","twitter_misc":{"Tiempo de lectura":"1 minuto"},"schema":{"@context":"https:\/\/schema.org","@graph":[{"@type":"WebPage","@id":"https:\/\/unmardearroces.com\/_umacentro\/producto\/cachopo-del-sella","url":"https:\/\/unmardearroces.com\/_umacentro\/producto\/cachopo-del-sella","name":"Cachopo del Sella Un Mar de Arroces","isPartOf":{"@id":"https:\/\/unmardearroces.com\/_umacentro\/#website"},"datePublished":"2020-05-03T19:33:11+00:00","dateModified":"2023-10-02T17:06:19+00:00","description":"Emb\u00e1rcate en un viaje culinario excepcional con nuestro Cachopo de Ternera Asturiana, una fusi\u00f3n de sabores que combina la ternura de la carne de ternera asturiana con la intensidad del queso azul y la dulzura de la manzana reineta. Este plato se sirve con patatas fritas crujientes y pimientos de Padr\u00f3n, creando una experiencia gastron\u00f3mica \u00fanica que te transportar\u00e1 a los sabores m\u00e1s aut\u00e9nticos de Asturias en cada bocado.","breadcrumb":{"@id":"https:\/\/unmardearroces.com\/_umacentro\/producto\/cachopo-del-sella#breadcrumb"},"inLanguage":"es","potentialAction":[{"@type":"ReadAction","target":["https:\/\/unmardearroces.com\/_umacentro\/producto\/cachopo-del-sella"]}]},{"@type":"BreadcrumbList","@id":"https:\/\/unmardearroces.com\/_umacentro\/producto\/cachopo-del-sella#breadcrumb","itemListElement":[{"@type":"ListItem","position":1,"name":"Portada","item":"https:\/\/unmardearroces.com\/_umacentro\/"},{"@type":"ListItem","position":2,"name":"Productos","item":"https:\/\/unmardearroces.com\/_umacentro\/shop"},{"@type":"ListItem","position":3,"name":"Cachopo del Sella"}]},{"@type":"WebSite","@id":"https:\/\/unmardearroces.com\/_umacentro\/#website","url":"https:\/\/unmardearroces.com\/_umacentro\/","name":"Un Mar de Arroces","description":"Arroces y Paella premium a domicilio.","potentialAction":[{"@type":"SearchAction","target":{"@type":"EntryPoint","urlTemplate":"https:\/\/unmardearroces.com\/_umacentro\/?s={search_term_string}"},"query-input":"required name=search_term_string"}],"inLanguage":"es"}]}},"_links":{"self":[{"href":"https:\/\/unmardearroces.com\/_umacentro\/wp-json\/wp\/v2\/product\/235068"}],"collection":[{"href":"https:\/\/unmardearroces.com\/_umacentro\/wp-json\/wp\/v2\/product"}],"about":[{"href":"https:\/\/unmardearroces.com\/_umacentro\/wp-json\/wp\/v2\/types\/product"}],"replies":[{"embeddable":true,"href":"https:\/\/unmardearroces.com\/_umacentro\/wp-json\/wp\/v2\/comments?post=235068"}],"wp:featuredmedia":[{"embeddable":true,"href":"https:\/\/unmardearroces.com\/_umacentro\/wp-json\/wp\/v2\/media\/242894"}],"wp:attachment":[{"href":"https:\/\/unmardearroces.com\/_umacentro\/wp-json\/wp\/v2\/media?parent=235068"}],"wp:term":[{"taxonomy":"product_cat","embeddable":true,"href":"https:\/\/unmardearroces.com\/_umacentro\/wp-json\/wp\/v2\/product_cat?post=235068"},{"taxonomy":"product_tag","embeddable":true,"href":"https:\/\/unmardearroces.com\/_umacentro\/wp-json\/wp\/v2\/product_tag?post=235068"}],"curies":[{"name":"wp","href":"https:\/\/api.w.org\/{rel}","templated":true}]}}